*3 + 27*t**2 + 20*t + 2. Give l(28).
-222
Let b(f) = f**2 - 38*f + 680. Determine b(36).
608
Let o(x) = -14*x**3 - 6*x**2 - 45*x - 43. Determine o(-1).
10
Let r(w) = -45*w - 1030. Determine r(-23).
5
Let h(w) = -424*w**2 - 2974*w - 38. Calculate h(-7).
4
Let x(a) = -a**3 - 84*a**2 + 89*a + 245. Give x(-85).
-95
Let z(j) = -3*j**2 + 350*j - 5288. Calculate z(99).
-41
Let t(z) = 2*z**3 - 4*z**2 - 11*z + 1. Calculate t(3).
-14
Let v(c) = -10*c**3 + 10*c**2 + 4*c - 11. Determine v(-3).
337
Let z(r) = -5*r**2 - 362*r - 861. Give z(-70).
-21
Let v(j) = j**2 + 11*j + 3. Determine v(10).
213
Let p(s) = -3*s**2 - 76*s + 8. Give p(-23).
169
Let q(a) = 1746*a + 64604. What is q(-37)?
2
Let c(s) = s**3 + 25*s**2 - 27*s - 24. Give c(-26).
2
Let t(c) = 890*c + 94308. What is t(-106)?
-32
Let g(o) = 7*o**3 - 350*o**2 - 351*o - 1. What is g(-1)?
-7
Let t(k) = -7044*k - 91568. Give t(-13).
4
Let j(v) = -91*v - 14365. Determine j(-159).
104
Let k(b) = 15*b**2 - 30*b + 60. Give k(6).
420
Let z(t) = -18*t**2 - 49*t - 3. What is z(-3)?
-18
Let f(r) = -r**2 + 16*r - 199. Calculate f(29).
-576
Let f(c) = 523*c**2 - 10*c - 10. Give f(-1).
523
Let f(i) = i**3 + 16*i**2 + 57*i - 38. What is f(-7)?
4
Let j(u) = 2*u**3 + 94*u**2 - 120*u - 1155. What is j(-48)?
-3
Let t(f) = -296*f**2 - 889*f + 5. What is t(-3)?
8
Let l(q) = -q**3 + q**2 + 230*q - 1319. Determine l(11).
1
Let w(m) = 2*m**3 - 149*m**2 - 64*m - 822. What is w(75)?
3
Let t(i) = -66*i - 1757. Give t(-26).
-41
Let f(m) = m**3 - 8*m**2 + 38*m - 69. Calculate f(3).
0
Let k(p) = -p**3 - 10*p**2 - 22*p + 14. Determine k(-6).
2
Let w(p) = 5*p**3 + 154*p**2 - 26*p + 162. Give w(-31).
7
Let b(y) = -8*y - 589. Give b(-58).
-125
Let n(r) = 423*r - 1275. Calculate n(3).
-6
Let d(i) = 2*i**2 - 26*i + 55. What is d(18)?
235
Let q(p) = -221*p - 3309. Calculate q(-14).
-215
Let v(k) = -3*k**2 + 27*k + 93. Determine v(-4).
-63
Let l(w) = -68*w**3 + w**2 - 15*w - 16. Calculate l(-1).
68
Let w(r) = r**2 - 14*r + 230. Calculate w(0).
230
Let d(i) = -i**3 + 16*i**2 - 23*i - 78. What is d(14)?
-8
Let j(f) = 3*f**2 + 88*f + 477. Calculate j(-22).
-7
Let u(b) = -b**3 + 26*b**2 + 175*b - 82. Determine u(-6).
20
Let u(d) = d**2 - 79*d - 711. What is u(-8)?
-15
Let f(t) = t**2 - 301*t + 19459. Give f(207).
1
Let a(c) = -5*c**3 - 3*c**2 + 14*c + 40. Give a(-4).
256
Let g(n) = -151*n + 665. Determine g(4).
61
Let p(v) = -223*v + 11407. Calculate p(51).
34
Let n(h) = -46*h**2 + 16*h + 3. Give n(1).
-27
Let c(g) = 124*g - 4539. What is c(38)?
173
Let t(b) = b**2 + 136*b + 2516. Give t(-22).
8
Let v(x) = x**2 + 58*x - 7632. What is v(63)?
-9
Let s(i) = i**3 - 14*i**2 + 61*i - 75. Calculate s(6).
3
Let h(n) = 2*n**2 - 121*n - 616. Determine h(-5).
39
Let a(l) = l**2 + 19*l - 117. Calculate a(5).
3
Let f(u) = 9*u - 340. What is f(47)?
83
Let f(o) = -o**2 - 11*o + 730. Determine f(-33).
4
Let z(n) = n**3 + 20*n**2 + 81*n - 46. Give z(-14).
-4
Let g(z) = -253*z + 26056. Calculate g(103).
-3
Let y(o) = -120*o + 9953. Determine y(83).
-7
Let x(o) = -2*o**2 - 37*o - 70. Determine x(-2).
-4
Let r(w) = w**3 - 62*w**2 + w - 81. Give r(62).
-19
Let t(o) = -273*o + 58432. Calculate t(214).
10
Let k(p) = -p**2 + 142*p + 747. Determine k(-5).
12
Let z(r) = 66*r - 8706. Give z(132).
6
Let d(g) = -g**2 - 24*g + 136. What is d(-23)?
159
Let q(m) = -m**3 - 34*m**2 + 33*m + 37. What is q(-35)?
107
Let y(c) = -3*c**3 - 21*c**2 + 7*c - 22. Determine y(-8).
114
Let h(i) = -24*i**2 - 300*i + 51. Calculate h(-13).
-105
Let s(m) = 57*m**2 + 1368*m - 4. What is s(-24)?
-4
Let f(h) = -10*h**3 - 95*h**2 + 209*h - 26. Calculate f(2).
-68
Let k(n) = 3*n**3 - 4*n**2 - n - 26. Determine k(5).
244
Let u(s) = -s**3 - 26*s**2 + 208*s - 763. What is u(-33)?
-4
Let n(j) = 1044*j + 15665. Calculate n(-15).
5
Let w(l) = l**2 - 25*l + 127. Give w(7).
1
Let j(f) = -4*f**3 - 55*f**2 - 39*f - 13. Calculate j(-13).
-13
Let m(k) = 59*k**2 + 417*k + 14. Give m(-6).
-364
Let b(t) = 124*t - 1225. Calculate b(11).
139
Let j(u) = 4*u**2 + 61*u - 84. Calculate j(-16).
-36
Let y(j) = -8*j**2 + 81*j + 39. What is y(11)?
-38
Let z(d) = 3*d**2 + 11*d - 33. Give z(-12).
267
Let l(o) = 8*o + 15. Determine l(-8).
-49
Let h(m) = m**3 - 10*m - 9. Determine h(-2).
3
Let a(f) = -43*f + 626. What is a(14)?
24
Let p(n) = n**3 + 10*n**2 + 23*n + 33. What is p(-8)?
-23
Let y(u) = 242*u + 10. Give y(-1).
-232
Let f(u) = 105*u**2 - 315*u - 1. Calculate f(3).
-1
Let s(b) = -11*b + 44. What is s(14)?
-110
Let a(k) = -14*k**2 - 590*k + 3183. Give a(-47).
-13
Let g(f) = f**3 - 2*f**2 - 4*f - 13. Calculate g(4).
3
Let a(t) = -2*t**2 - 178*t + 2874. Determine a(14).
-10
Let r(k) = k**3 - 8*k**2 - 52*k + 315. Determine r(8).
-101
Let y(k) = -913*k + 10956. What is y(12)?
0
Let m(o) = -3*o**3 - 4*o**2 + 5*o - 14. Calculate m(-5).
236
Let x(u) = u**3 - 2*u**2 - 29*u + 110. Give x(-6).
-4
Let v(s) = 70*s - 493. Determine v(7).
-3
Let t(r) = 205*r + 3297. Determine t(-16).
17
Let u(p) = -p**3 + 3*p**2 + 31*p + 8. Determine u(-4).
-4
Let a(q) = -47*q + 4238. Give a(90).
8
Let d(c) = -c**3 + 5*c**2 + 140*c - 799. Calculate d(6).
5
Let c(x) = x**3 - 5*x**2 - 68*x + 16. Calculate c(11).
-6
Let n(m) = -m**3 + 92*m**2 - 677*m + 45. Determine n(8).
5
Let x(o) = 197*o**2 - 578*o + 5. Determine x(3).
44
Let u(v) = 378*v - 2677. Calculate u(7).
-31
Let p(v) = 19*v**2 + 11*v - 43. Calculate p(2).
55
Let g(z) = 294*z + 1988. Calculate g(-7).
-70
Let h(b) = 24*b + 467. Determine h(-22).
-61
Let g(d) = -25*d - 90. Calculate g(-9).
135
Let k(n) = n**3 - 24*n**2 + 118*n - 1. Give k(17).
-18
Let y(t) = -19*t + 819. Calculate y(46).
-55
Let u(c) = c**2 - 67*c - 18. Calculate u(72).
342
Let c(p) = -7*p**3 + 351*p**2 - 49*p - 49. Determine c(50).
1
Let y(u) = 7*u**3 - 3*u**2 - 3*u. Determine y(-1).
-7
Let r(n) = 28*n - 950. Give r(34).
2
Let u(d) = 21*d**2 - 526*d - 7. Determine u(25).
-32
Let o(d) = -197*d + 5126. Determine o(27).
-193
Let a(y) = -y**2 - 36*y - 336. Determine a(-19).
-13
Let z(x) = x**2 - 33*x - 296. Calculate z(41).
32
Let s(k) = -5*k**2 - 48*k + 246. What is s(-13)?
25
Let x(y) = -y**2 - 32*y + 102. What is x(-22)?
322
Let d(c) = -48*c**2 + 23*c + 24. Give d(-1).
-47
Let v(d) = d**3 + 25*d**2 + 56*d - 52. Calculate v(-3).
-22
Let a(z) = 17*z**2 + 16*z + 84. What is a(-6)?
600
Let n(x) = 13*x + 43. Determine n(-2).
17
Let o(h) = h**3 - h - 29. What is o(5)?
91
Let m(g) = 2*g**2 - 153*g - 1137. What is m(-7)?
32
Let x(f) = f**2 + 48*f + 378. Calculate x(-41).
91
Let n(s) = 210*s - 1893. Give n(9).
-3
Let i(o) = -2*o**3 - 8*o**2 - 348*o - 1391. What is i(-4)?
1
Let z(c) = 2*c**2 + 128*c + 1180. Calculate z(-53).
14
Let q(n) = 40*n - 3502. Calculate q(87).
-22
Let d(y) = 61*y - 319. Calculate d(6).
47
Let m(z) = 16*z - 972. What is m(59)?
-28
Let k(t) = -2*t**2 + 722*t - 1442. Determine k(2).
-6
Let u(n) = -2*n**2 - 892*n - 2682. Give u(-3).
-24
Let d(w) = -2*w**2 - 118*w - 818. Determine d(-8).
-2
Let n(z) = z**3 - 69*z**2 - 142*z - 42. Calculate n(71).
-42
Let a(k) = -113*k - 3616. Determine a(-32).
0
Let h(x) = -x**2 + 107*x + 679. Determine h(113).
1
Let t(p) = 376*p + 4. Give t(0).
4
Let p(n) = -n**3 + 21*n**2 + 22*n + 28. What is p(22)?
28
Let t(a) = -6*a**2 - 51*a + 43. Determine t(-9).
16
Let l(q) = -32*q. Give l(-1).
32
Let k(u) = u**3 + 100*u**2 - 653*u + 101. Calculate k(6).
-1
Let p(w) = -13*w**2 - 138*w - 413. Calculate p(-3).
-116
Let a(m) = -m**3 + 68*m**2 + 9*m + 23. Give a(0).
23
Let i(o) = -1736*o - 6942. Calculate i(-4).
2
Let a(b) = -b**2 - 28*b - 251. What is a(-20)?
-91
Let o(w) = -17*w**2 - 203*w + 14. Calculate o(-12).
2
Let n(b) = -b**2 - b + 359. Give n(19).
-21
Let p(l) = -l**3 + 40*l**2 - 2*l + 97. Determine p(40).
17
Let n(v) = -6*v**2 - 68*v + 46. Determine n(-12).
-2
Let n(q) = -342*q - 32484. Determine n(-95).
6
Let k(d) = d**3 - 87*d**2 - 179*d - 23. Calculate k(89).
-112
Let x(u) = -u**2 + 36*u - 9. Give x(16).
311
Let v(f) = -f**3 - f**2 + 23*f + 29. Calculate v(5).
-6
Let p(f) = -f + 32. Calculate p(-29).
61
Let u(a) = -a**3 + 21*a**2 - 43*a + 453. Give u(20).
-7
Let s(t) = t**3 - 6*t**2 - 15*t + 7. Determine s(7).
-49
Let p(x) = -x**3 - 20*x**2 + 53*x - 113. What is p(-23)?
255
Let l(x) = 30*x**3 + 1411*x**2 + 47*x + 11. What is l(-47)?
11
Let t(q) = -4227*q + 71857. Calculate t(